 - -80. Let p(m) = m - 2. Calculate p(t).
-4
Let c be 18 + -16 - (1 + -4). Let o(a) = c - 11 + 0*a + 9 + 3*a**2 + a - a**3. Give o(4).
-9
Let p = -3410 - -3396. Let l(a) = 2*a + 17. Determine l(p).
-11
Suppose -6*t + t - 65 = -5*r, -5*t - 3*r = 97. Let o be 4 + 0 + (-2 - t)/(-3). Let p(h) = -6*h - 1. Determine p(o).
5
Let v(n) = -n**3 + 7*n**2 + 17*n + 19. Suppose -62*q + 65*q = -4*f + 55, 0 = 2*q - 2*f - 4. Give v(q).
10
Let j(k) = -k**2 - 2*k + 1. Let v(b) = -b**2 - 1. Let l(z) = 2*j(z) - v(z). Suppose 11*y + 80 = 652. Let h = -58 + y. What is l(h)?
-9
Let m(o) = -14*o - 13. Suppose -50*s = 5*j - 53*s + 24, -4*j = -s + 15. Determine m(j).
29
Let u(o) = o + 27. Let i be u(-11). Let r(n) = 17*n - 7*n + 4*n**2 + i - 3*n**2 - 8. Calculate r(-10).
8
Let v(m) = 3*m**3 + 3*m**2 + 3*m + 3. Suppose 911 = 4*c - 3*f, 19*f = 2*c + 17*f - 456. Suppose -230*z = -c*z + 6. Calculate v(z).
-15
Let f = -85 - -196. Let g = 118 - f. Suppose 8 = 5*u - g. Let d(h) = -3*h + 3. Calculate d(u).
-6
Let s(g) = g + 10. Let z(u) = 166*u + 7. Let i be z(1). Let k = i - 180. What is s(k)?
3
Let b = -18408 + 18455. Let a(d) be the third derivative of -2*d**3 + 0*d - b*d**2 - 5/12*d**4 + 0 - 1/60*d**5. Calculate a(-8).
4
Suppose 2*w = 5*t - 8, -w = 4*t + 2*w - 11. Suppose -2*u = -0*u + t*p + 30, 0 = -u - 6*p - 40. Let h(q) = -q**2 - 8*q + 24. What is h(u)?
4
Let n(o) = 6*o**2 + 4*o - 22*o + 22*o + o**3 + 2. Let p = 22 + -28. Let l be 2/p + (-126)/27. What is n(l)?
7
Let n(x) = -15*x + 91 - 38 - 21 - 28 - 20. Calculate n(-3).
29
Let i = 24672 + -24659. Let t(r) = -r**2 + 10*r + 28. Determine t(i).
-11
Let a(s) = 453*s - 173. Let o(b) = -378*b + 144. Let u(l) = -5*a(l) - 6*o(l). Suppose 2*p + 4 = 7*z - 2*z, z - 33 = 5*p. Calculate u(p).
-20
Let t be 0 - -8 - 18/(-3). Let u(k) = 0 + 0 - 2*k**2 + 0*k**2 + 0*k**3 + 1 - t*k**3. Determine u(-1).
13
Let i = -22 + 42. Let t(y) = -y**2 + 19*y - 124599 + 249215 - 124599. Let l be t(i). Let m(v) = -v**2 - v + 1. Determine m(l).
-5
Let l(m) = 8*m**2 - 338*m - 103. Let c(j) = 4*j**2 - 170*j - 62. Let a(i) = 11*c(i) - 6*l(i). Calculate a(39).
14
Let r(i) = -6*i - 8. Let y(h) = h + 1. Let z(w) = r(w) + 4*y(w). Let n be 105/(-126)*(1 + -7). Suppose 2*a + 3 + 4 = v, -n*v + 5 = -5*a. Calculate z(a).
8
Let x(y) = -y - 7. Let b = -43 + 45. Let n be (10/6 + -2)/(b/(-42)). What is x(n)?
-14
Suppose -3*r = 3*m - 15, 19 = -0*m + 3*m + 5*r. Suppose 29 = m*k + 2*f, -2*k + 38 = 3*f + 12. Let q(o) = o**2 - 8*o + 10. Determine q(k).
3
Let j(d) = d**3 - 24*d**2 - 38*d + 22. Let s(y) = 2*y**3 - 48*y**2 - 82*y + 41. Let u(c) = 13*j(c) - 6*s(c). Calculate u(24).
-8
Let w(d) = -2*d**3 + 2*d - 1. Suppose 18*m - 187 - 623 = 0. Suppose 44*q + 2 = m*q. Determine w(q).
-13
Suppose 0 = -3*r - 245*d + 247*d + 12, 5*d = -r + 21. Let n(b) = -20*b + 136. Calculate n(r).
16
Let l be (-10)/25*-9*-10. Let c(x) = -x**2 - 39*x - 96. Determine c(l).
12
Let b be 12/((-9 + 3)*(-3)/24). Suppose 19*x = b*x - 24. Let z be (x - -3 - -5)/(-2 - 1). Let i(d) = d - 8. Calculate i(z).
-8
Let m(x) = -4*x + 89. Let v(u) = u**2 - 151*u + 3067. Let c be v(24). Calculate m(c).
13
Let j(y) be the third derivative of -7*y**4/24 + 9*y**3/2 - 60*y**2 + 73. Give j(16).
-85
Let h(i) = -i**3 - 2*i**2 + 1. Let q(j) = 28*j**2 + 2 - 16*j + 5*j**3 - j**3 + 2 - 2*j. Let o(u) = -5*h(u) - q(u). Determine o(17).
8
Let z(p) = -15*p - 517582*p**2 + 4 + 0*p**3 - p**3 + 517569*p**2. Calculate z(-11).
-73
Let i(k) = -9*k**2 - k - 9. Suppose -10*d + 4*d = -10*d - 30*d. What is i(d)?
-9
Let k(p) = -232*p + 2994. Let u be k(13). Let y(m) = -3*m**2 - 65*m + 17. Calculate y(u).
-5
Suppose -4*b = b + z + 28, -5*b - 5*z = 40. Let u(n) = -n + 7. Let o(a) = -19. Let j(q) = o(q) + 2*u(q). What is j(b)?
5
Suppose -49 = -3*f - g - 56, -2*g = 3*f + 5. Let b(p) = -27*p - 5. Calculate b(f).
76
Let b(z) = 3*z**3 - 7*z**2 + 45*z + 24. Let l(p) = 19*p**3 - 34*p**2 + 272*p + 144. Let g(o) = -13*b(o) + 2*l(o). Calculate g(21).
-3
Let s(n) = -350*n - 318*n + n**3 + 665*n - 25*n**2 + 52. Determine s(25).
-23
Suppose -5*u + 286 = 61. Let i = u + -43. Let l(x) = 3 + x - 3*x + 2 - 11*x**i - 4. Calculate l(1).
-12
Suppose -20*h = -23*h + 12. Let k(a) = 0 - 3*a - 3 + h*a + 0*a. Suppose 2*t + 0*b - 5 = -5*b, -3*t - b = -14. Give k(t).
2
Let j(l) = -166*l + 8163. Let h be j(49). Let s(n) = -n - 37. Determine s(h).
-66
Suppose -17*l + 19*l + 14 = 0. Let p be 2/(3 - l/(-3))*-1. Let q be (0/(-2) + 8)/(p/3). Let s(m) = m + 11. Calculate s(q).
3
Suppose 17*o - 19*o = -4. Let r(c) = -39*c**2 + 2*c + 40*c**o + 4*c - 4*c + 3. Determine r(-2).
3
Let l(p) = -p**2 + 2*p + 83. Let s be l(-6). Suppose 29*d + 6 - s = 0. Let v(b) = 48*b**3 - 2*b + 1. Calculate v(d).
47
Suppose r = h - 3 - 0, 4 = h - 2*r. Suppose 11 + 1 = 3*j. Let t(w) = j - h*w**2 + w + w - 3. Calculate t(3).
-11
Let z be (490/147)/(4/30). Let u(r) = 16 + 5*r**2 - 3*r + r**3 - 11*r**2 - z. Let h = 3 - -4. Determine u(h).
19
Let w(z) = 16*z**3 - 2*z**2 + 3*z + 4. Let u(m) = -299*m - 2393. Let s be u(-8). Give w(s).
-17
Let w(p) = 2*p**2 - 25*p + 16. Suppose -5*a + 35 = 5. Let r(v) = -v**2 + 11*v - 18. Let x be r(a). Calculate w(x).
4
Let m(t) = 3*t - 21. Let h(n) = -3*n + 152. Let p(s) = -2*h(s) + 6*m(s). Calculate p(18).
2
Suppose -y - 22 = -2*h - 1, h = 2*y + 15. Suppose 0 = -o + 3*d + h, 4*o - 6*d + 5*d + 8 = 0. Let p(q) = q**3 + 2*q**2 - 2*q + 3. What is p(o)?
0
Let l(w) be the third derivative of -1/30*w**5 + 1/6*w**3 - 1/40*w**6 + 0 + 0*w**4 - 3*w + 49*w**2. Calculate l(1).
-4
Let m(x) = -19*x**2 + 28*x + 4. Let i(p) = -43*p**2 + 68*p + 8. Let a(g) = 4*i(g) - 9*m(g). What is a(4)?
60
Let w(q) = q**2 - 7. Suppose 14*b - 16*b - 30 = 4*c, 15 = -5*c + 2*b. Give w(c).
18
Let l(b) = b**2 - 3*b - 2. Let z = -35 + 36. Let i be (21 + -3 + 2)*z. Suppose 0*j - 3*r = -j - 11, 0 = -4*r + i. What is l(j)?
2
Let g(q) = 4*q**3 + 121*q**2 + 42*q + 355. Let t be g(-30). Let j(y) = -y**3 - 3*y**2 - 9*y + 6. Determine j(t).
101
Let c = 9 + -6. Let d(o) = -3*o**2 - 4*o - 6. Let i(v) = -v**2 - v - 2. Let t(n) = -n**2 + 3*n + 16. Let b be t(6). Let h(q) = b*d(q) + 7*i(q). Determine h(c).
-8
Let b(a) = -a**3 + 5*a**2 - 5*a - 4. Let y be (-1 - -3)*(1 - 108/(-8)). Suppose 10*d = 61 + y. Suppose 0 = 2*v - d*v + 28. Determine b(v).
-8
Let g(j) = -3*j + 3. Let p(d) = d**2 - 16*d + 15. Let f(m) = 11*g(m) - 2*p(m). Let k be f(-2). Let b(v) = -v**2 + v - 1. Determine b(k).
-13
Suppose -60*f + 5*n = -55*f + 45, 9*n = 4*f + 76. Let g(l) be the first derivative of l**4 + 1 + 1 + 0*l**4. Calculate g(f).
-4
Suppose -67*v + 74*v + 105 = 0. Let h = v + 19. Let z(c) = 2*c**2 - c - 3. Give z(h).
25
Let k(r) = -2*r**2 + 20*r - 29. Let g be k(8). Suppose -8*u = -5*u + p + g, -u = -4*p - 12. Suppose 8*n - 96 + 24 = u. Let l(a) = a - 16. What is l(n)?
-7
Suppose 0 = -4*u - n - 31 + 4, -u + 2*n = 0. Let p(d) = 3*d + 12. Give p(u).
-6
Suppose 0 = p + 2*y - 11, 0*p + 3*y = -5*p + 27. Let x(j) = j**3 - 4*j**2 - 5*j + 14. Give x(p).
-10
Let v(c) be the first derivative of 3*c**2/2 - 2*c + 59. Let m = -117 - -115. What is v(m)?
-8
Let h(t) = -600 + 1612 - 598 + 23*t - 552. Give h(6).
0
Let i(r) = -53 - 80*r + 124*r - 121 - r**2 - 14*r. Give i(23).
-13
Let s = -26 + 28. Suppose 5*u = -5*t + 8*t + 28, -10 = -s*u. Let l(b) = -3*b**2 - 2*b**2 - 2*b**2. What is l(t)?
-7
Let x(f) = -34*f + 78. Let t(p) = -50*p + 116. Let i(c) = -5*t(c) + 8*x(c). What is i(2)?
0
Let z(l) = -l - 1. Let u = 134 - -379. Let g = u - 508. Calculate z(g).
-6
Let m(y) = -96*y + 1447. Let b(j) = 864*j - 13027. Let d(h) = -2*b(h) - 19*m(h). What is d(15)?
1
Let q(g) = g**3 - 12*g**2 - 13*g + 3. Let w be q(13). Suppose -w*r - 6 = -r. Let p(h) = h + 7. Let j(s) = 2*s + 8. Let u(z) = r*p(z) + 2*j(z). Determine u(5).
0
Let z = 2672 - 2664. Let b(i) = -3*i**3 - 8*i**2 - 3*i + 12. Let n(l) = -l**3 - 1. Let x(f) = -b(f) + 4*n(f). Determine x(z).
8
Suppose -x - 2*x + 9 = 0. Let s(k) = -2 + 10*k**x - 11*k**3 - 11*k**2 + 11*k + k - 1. Determine s(-12).
-3
Let n(z) be the first derivative of z**2 - 12*z + 71. Give n(14).
16
Let r(k) be the second derivative of 0 - 1/6*k**3 - 24*k + 5/2*k**2. Determine r(10).
-5
Let v = 164 - 149. Let l be (-6)/9 + 40/v. Let b(s) = s**3 + 3*s**2 - 2*s + 2. What is b(l)?
18
Suppose 0 = 4*d - 11 + 3. Suppose 2*h - 4 = -d*h. Let p(l) be th